{"id":2180,"date":"2025-01-09T15:06:31","date_gmt":"2025-01-09T14:06:31","guid":{"rendered":"https:\/\/miteinander.fed-leipzig.de\/?post_type=tribe_events&#038;p=2180"},"modified":"2025-01-09T15:06:31","modified_gmt":"2025-01-09T14:06:31","slug":"cafe-miteinander-08-02-2025","status":"publish","type":"tribe_events","link":"https:\/\/miteinander.fed-leipzig.de\/fa\/termine\/cafe-miteinander-08-02-2025\/","title":{"rendered":"Caf\u00e9 MITeinander \u2013 08.02.2025"},"content":{"rendered":"<p>Mitten in Plagwitz \u00f6ffnet das Caf\u00e9 MITeinander monatlich seine T\u00fcren als Begegnungsort f\u00fcr Familien. Das Projekt &#8220;MITeinander \u2013 Migration, Inklusion, Teilhabe&#8221;, ins Leben gerufen von der Elterninitiative FED Leipzig e.V., schafft einen Raum, in dem Familien unterschiedlichster Herkunft zusammenkommen.<br \/>\nJedes Treffen widmet sich einem neuen Thema, das wir gemeinsam mit Fachleuten vertiefen. Unsere Diskussionen reichen von p\u00e4dagogischen Ans\u00e4tzen \u00fcber kulturelle Perspektiven bis hin zu gesundheitlichen Fragestellungen.<br \/>\nDas Caf\u00e9 MITeinander ist jedoch mehr als nur ein Ort f\u00fcr Gespr\u00e4che \u2013 es ist ein Treffpunkt f\u00fcr Inspiration, f\u00fcr die Planung kommender Veranstaltungen und f\u00fcr den Austausch von Ideen. Hier stehen Gemeinschaft, Eigeninitiative und Unterst\u00fctzung im Mittelpunkt. Wir feiern die Vielfalt des Lebens, teilen unsere Erfahrungen und genie\u00dfen gemeinsam sch\u00f6ne Momente.<br \/>\nWir laden alle herzlich ein, Teil dieser offenen Gemeinschaft zu werden. Der Besuch ist kostenlos und eine Anmeldung ist nicht erforderlich. Jeder, ganz gleich welchen Alters, Geschlechts oder Hintergrunds, ist willkommen.<br \/>\nBesuchen Sie das Caf\u00e9 MITeinander im &#8220;Treffpunkt Linde&#8221; in Leipzig-Plagwitz, Walter-Heinze-Stra\u00dfe 22 \u2013 Innenhof, 04229 Leipzig. Wir freuen uns auf ein baldiges Wiedersehen!<\/p>\n<p>&nbsp;<\/p>\n","protected":false},"excerpt":{"rendered":"<p>Mitten in Plagwitz \u00f6ffnet das Caf\u00e9 MITeinander monatlich seine T\u00fcren als Begegnungsort f\u00fcr Familien. Das Projekt &#8220;MITeinander \u2013 Migration, Inklusion, Teilhabe&#8221;, ins Leben gerufen von der Elterninitiative FED Leipzig e.V., [&hellip;]<\/p>\n","protected":false},"author":4,"featured_media":260,"template":"","meta":{"_acf_changed":false,"_seopress_robots_primary_cat":"","_seopress_titles_title":"","_seopress_titles_desc":"","_seopress_robots_index":"","_et_pb_use_builder":"","_et_pb_old_content":"","_et_gb_content_width":"","_tribe_events_status":"","_tribe_events_status_reason":"","footnotes":""},"tags":[11,151,12,13,14,16,17,18,19,20,21,23,25,26,27,8,28,9,33],"tribe_events_cat":[6],"class_list":["post-2180","tribe_events","type-tribe_events","status-publish","has-post-thumbnail","hentry","tag-behinderung","tag-inklusiver-nachbarschaftsgarten-johannishoehe","tag-familientreffen","tag-sichere-raeume","tag-austausch","tag-gegenseitige-unterstuetzung","tag-orientierung","tag-fragen-zu-behinderung","tag-familienfreundlich","tag-kinderbetreuung","tag-mehrsprachigkeit","tag-familienzentrum-plagwitz","tag-niedrigschwelliges-angebot","tag-selbsthilfe","tag-gemeinschaftserfahrung","tag-inklusion","tag-treffpunkt-linde","tag-barrierefrei","tag-kultureller-austausch","tribe_events_cat-cafe-miteinander","cat_cafe-miteinander"],"acf":[],"_links":{"self":[{"href":"https:\/\/miteinander.fed-leipzig.de\/fa\/wp-json\/wp\/v2\/tribe_events\/2180","targetHints":{"allow":["GET"]}}],"collection":[{"href":"https:\/\/miteinander.fed-leipzig.de\/fa\/wp-json\/wp\/v2\/tribe_events"}],"about":[{"href":"https:\/\/miteinander.fed-leipzig.de\/fa\/wp-json\/wp\/v2\/types\/tribe_events"}],"author":[{"embeddable":true,"href":"https:\/\/miteinander.fed-leipzig.de\/fa\/wp-json\/wp\/v2\/users\/4"}],"version-history":[{"count":1,"href":"https:\/\/miteinander.fed-leipzig.de\/fa\/wp-json\/wp\/v2\/tribe_events\/2180\/revisions"}],"predecessor-version":[{"id":2181,"href":"https:\/\/miteinander.fed-leipzig.de\/fa\/wp-json\/wp\/v2\/tribe_events\/2180\/revisions\/2181"}],"wp:featuredmedia":[{"embeddable":true,"href":"https:\/\/miteinander.fed-leipzig.de\/fa\/wp-json\/wp\/v2\/media\/260"}],"wp:attachment":[{"href":"https:\/\/miteinander.fed-leipzig.de\/fa\/wp-json\/wp\/v2\/media?parent=2180"}],"wp:term":[{"taxonomy":"post_tag","embeddable":true,"href":"https:\/\/miteinander.fed-leipzig.de\/fa\/wp-json\/wp\/v2\/tags?post=2180"},{"taxonomy":"tribe_events_cat","embeddable":true,"href":"https:\/\/miteinander.fed-leipzig.de\/fa\/wp-json\/wp\/v2\/tribe_events_cat?post=2180"}],"curies":[{"name":"wp","href":"https:\/\/api.w.org\/{rel}","templated":true}]}}

Café MITeinander – 08.02.2025

<p>Mitten in Plagwitz öffnet das Café MITeinander monatlich seine Türen als Begegnungsort für Familien. Das Projekt &#8220;MITeinander – Migration, Inklusion, Teilhabe&#8221;, ins Leben gerufen von der Elterninitiative FED Leipzig e.V., schafft einen Raum, in dem Familien unterschiedlichster Herkunft zusammenkommen.<br />
Jedes Treffen widmet sich einem neuen Thema, das wir gemeinsam mit Fachleuten vertiefen. Unsere Diskussionen reichen von pädagogischen Ansätzen über kulturelle Perspektiven bis hin zu gesundheitlichen Fragestellungen.<br />
Das Café MITeinander ist jedoch mehr als nur ein Ort für Gespräche – es ist ein Treffpunkt für Inspiration, für die Planung kommender Veranstaltungen und für den Austausch von Ideen. Hier stehen Gemeinschaft, Eigeninitiative und Unterstützung im Mittelpunkt. Wir feiern die Vielfalt des Lebens, teilen unsere Erfahrungen und genießen gemeinsam schöne Momente.<br />
Wir laden alle herzlich ein, Teil dieser offenen Gemeinschaft zu werden. Der Besuch ist kostenlos und eine Anmeldung ist nicht erforderlich. Jeder, ganz gleich welchen Alters, Geschlechts oder Hintergrunds, ist willkommen.<br />
Besuchen Sie das Café MITeinander im &#8220;Treffpunkt Linde&#8221; in Leipzig-Plagwitz, Walter-Heinze-Straße 22 – Innenhof, 04229 Leipzig. Wir freuen uns auf ein baldiges Wiedersehen!</p>
<p>&nbsp;</p>

<p>Mitten in Plagwitz öffnet das Café MITeinander monatlich seine Türen als Begegnungsort für Familien. Das Projekt &#8220;MITeinander – Migration, Inklusion, Teilhabe&#8221;, ins Leben gerufen von der Elterninitiative FED Leipzig e.V., [&hellip;]</p>
