{"id":861,"date":"2023-09-25T11:14:13","date_gmt":"2023-09-25T09:14:13","guid":{"rendered":"https:\/\/miteinander.fed-leipzig.de\/?post_type=tribe_events&#038;p=861"},"modified":"2023-09-25T11:14:23","modified_gmt":"2023-09-25T09:14:23","slug":"cafe-miteinander-09-11-2024","status":"publish","type":"tribe_events","link":"https:\/\/miteinander.fed-leipzig.de\/fa\/termine\/cafe-miteinander-09-11-2024\/","title":{"rendered":"Caf\u00e9 MITeinander \u2013 09.11.2024"},"content":{"rendered":"<p>Mitten in Plagwitz \u00f6ffnet das Cafe MITeinander monatlich seine T\u00fcren f\u00fcr ein besonderes Familientreffen. Unter dem Dach von &#8220;MITeinander \u2013 Migration, Inklusion, Teilhabe&#8221; und als Bestandteil der Elterninitiative FED Leipzig e.V., bieten wir einen einzigartigen Ort, an dem Familien verschiedenster Hintergr\u00fcnde zusammenfinden.<\/p>\n<p>Jedes unserer Treffen bringt ein neues Thema mit sich. Mit Hilfe von Experten tauchen wir in spannende Diskussionen und Gespr\u00e4che ein, die von Bildungsthemen \u00fcber kulturelle Einblicke bis zu Gesundheitsaspekten reichen.<\/p>\n<p>Das Cafe MITeinander ist jedoch nicht nur ein Ort des Dialogs. Es dient auch als Inspirationsquelle f\u00fcr zuk\u00fcnftige Veranstaltungen und betont die Werte von Gemeinschaft, Selbstinitiative und gegenseitiger Hilfe. Bei uns wird die Diversit\u00e4t des Lebens gefeiert, Erfahrungen geteilt und gemeinsame Momente gesch\u00e4tzt.<\/p>\n<p>Jeder ist herzlich eingeladen, an unseren Treffen teilzunehmen. Der Zutritt ist stets kostenfrei und ohne Voranmeldung. Wir begr\u00fc\u00dfen und sch\u00e4tzen jeden Gast, unabh\u00e4ngig von Alter, Geschlecht oder Herkunft.<\/p>\n<p>Lassen Sie sich von unserer Gemeinschaft im &#8220;Treffpunkt Linde&#8221; in Leipzig-Plagwitz begeistern. Sie finden uns in der Walter-Heinze-Stra\u00dfe 22 (Innenhof), 04229 Leipzig. Wir freuen uns auf Ihr Kommen!<\/p>\n","protected":false},"excerpt":{"rendered":"<p>Mitten in Plagwitz \u00f6ffnet das Cafe MITeinander monatlich seine T\u00fcren f\u00fcr ein besonderes Familientreffen. Unter dem Dach von &#8220;MITeinander \u2013 Migration, Inklusion, Teilhabe&#8221; und als Bestandteil der Elterninitiative FED Leipzig [&hellip;]<\/p>\n","protected":false},"author":1,"featured_media":260,"template":"","meta":{"_acf_changed":false,"_seopress_robots_primary_cat":"","_seopress_titles_title":"","_seopress_titles_desc":"","_seopress_robots_index":"","_et_pb_use_builder":"","_et_pb_old_content":"","_et_gb_content_width":"","_tribe_events_status":"","_tribe_events_status_reason":"","footnotes":""},"tags":[11,12,13,14,16,17,18,19,20,21,23,25,26,27,8,28,9,33],"tribe_events_cat":[6],"class_list":["post-861","tribe_events","type-tribe_events","status-publish","has-post-thumbnail","hentry","tag-behinderung","tag-familientreffen","tag-sichere-raeume","tag-austausch","tag-gegenseitige-unterstuetzung","tag-orientierung","tag-fragen-zu-behinderung","tag-familienfreundlich","tag-kinderbetreuung","tag-mehrsprachigkeit","tag-familienzentrum-plagwitz","tag-niedrigschwelliges-angebot","tag-selbsthilfe","tag-gemeinschaftserfahrung","tag-inklusion","tag-treffpunkt-linde","tag-barrierefrei","tag-kultureller-austausch","tribe_events_cat-cafe-miteinander","cat_cafe-miteinander"],"acf":[],"_links":{"self":[{"href":"https:\/\/miteinander.fed-leipzig.de\/fa\/wp-json\/wp\/v2\/tribe_events\/861","targetHints":{"allow":["GET"]}}],"collection":[{"href":"https:\/\/miteinander.fed-leipzig.de\/fa\/wp-json\/wp\/v2\/tribe_events"}],"about":[{"href":"https:\/\/miteinander.fed-leipzig.de\/fa\/wp-json\/wp\/v2\/types\/tribe_events"}],"author":[{"embeddable":true,"href":"https:\/\/miteinander.fed-leipzig.de\/fa\/wp-json\/wp\/v2\/users\/1"}],"version-history":[{"count":2,"href":"https:\/\/miteinander.fed-leipzig.de\/fa\/wp-json\/wp\/v2\/tribe_events\/861\/revisions"}],"predecessor-version":[{"id":863,"href":"https:\/\/miteinander.fed-leipzig.de\/fa\/wp-json\/wp\/v2\/tribe_events\/861\/revisions\/863"}],"wp:featuredmedia":[{"embeddable":true,"href":"https:\/\/miteinander.fed-leipzig.de\/fa\/wp-json\/wp\/v2\/media\/260"}],"wp:attachment":[{"href":"https:\/\/miteinander.fed-leipzig.de\/fa\/wp-json\/wp\/v2\/media?parent=861"}],"wp:term":[{"taxonomy":"post_tag","embeddable":true,"href":"https:\/\/miteinander.fed-leipzig.de\/fa\/wp-json\/wp\/v2\/tags?post=861"},{"taxonomy":"tribe_events_cat","embeddable":true,"href":"https:\/\/miteinander.fed-leipzig.de\/fa\/wp-json\/wp\/v2\/tribe_events_cat?post=861"}],"curies":[{"name":"wp","href":"https:\/\/api.w.org\/{rel}","templated":true}]}}

Café MITeinander – 09.11.2024

<p>Mitten in Plagwitz öffnet das Cafe MITeinander monatlich seine Türen für ein besonderes Familientreffen. Unter dem Dach von &#8220;MITeinander – Migration, Inklusion, Teilhabe&#8221; und als Bestandteil der Elterninitiative FED Leipzig e.V., bieten wir einen einzigartigen Ort, an dem Familien verschiedenster Hintergründe zusammenfinden.</p>
<p>Jedes unserer Treffen bringt ein neues Thema mit sich. Mit Hilfe von Experten tauchen wir in spannende Diskussionen und Gespräche ein, die von Bildungsthemen über kulturelle Einblicke bis zu Gesundheitsaspekten reichen.</p>
<p>Das Cafe MITeinander ist jedoch nicht nur ein Ort des Dialogs. Es dient auch als Inspirationsquelle für zukünftige Veranstaltungen und betont die Werte von Gemeinschaft, Selbstinitiative und gegenseitiger Hilfe. Bei uns wird die Diversität des Lebens gefeiert, Erfahrungen geteilt und gemeinsame Momente geschätzt.</p>
<p>Jeder ist herzlich eingeladen, an unseren Treffen teilzunehmen. Der Zutritt ist stets kostenfrei und ohne Voranmeldung. Wir begrüßen und schätzen jeden Gast, unabhängig von Alter, Geschlecht oder Herkunft.</p>
<p>Lassen Sie sich von unserer Gemeinschaft im &#8220;Treffpunkt Linde&#8221; in Leipzig-Plagwitz begeistern. Sie finden uns in der Walter-Heinze-Straße 22 (Innenhof), 04229 Leipzig. Wir freuen uns auf Ihr Kommen!</p>

<p>Mitten in Plagwitz öffnet das Cafe MITeinander monatlich seine Türen für ein besonderes Familientreffen. Unter dem Dach von &#8220;MITeinander – Migration, Inklusion, Teilhabe&#8221; und als Bestandteil der Elterninitiative FED Leipzig [&hellip;]</p>
